5
Let a = 16 + -12. Let i be -10*7/a*-14. Calculate the highest common factor of 70 and i.
35
Let v(b) = -11*b**3 - 5*b**2 + b + 36. Let s be v(-6). Calculate the highest common factor of s and 84.
42
Suppose -2*x + 4*q = -24, 3*x + 5*q = q - 14. Suppose -138 - 126 = -x*j. Let i = 38 - 26. Calculate the highest common factor of j and i.
12
Suppose 0 = 4*w - 4*g, -4*w + 3*g = -9*w + 32. Suppose -3*h + 451 = 3*y - 164, 193 = y + w*h. Calculate the greatest common divisor of 38 and y.
19
Let c be (153/6)/(18/(-29484)*-21). What is the greatest common divisor of c and 1768?
221
Let c(s) = s + 22. Let f = 56 - 40. Let o be c(f). Suppose -2*i = 2*n - o, 0 = -3*n - n - 2*i + 78. Calculate the greatest common factor of 12 and n.
4
Suppose 3*v = x + 3740, -3*x - 4990 = -4*v - 0*v. Suppose -v = -20*n + 6*n. What is the greatest common factor of n and 1?
1
Suppose 5*l + 24*n = 22*n + 472, -6*l + 5*n = -633. What is the highest common factor of 18571 and l?
49
Let a(d) = 4*d + 466. Let o be a(17). Calculate the highest common factor of o and 1424.
178
Let i(x) = 3*x**2 + 55*x + 175. Let d be i(-3). Calculate the highest common factor of 1369 and d.
37
Let h(n) = -3*n + 9. Suppose -50*c + 44*c = -24. Suppose -2*p + c*b = 32 + 6, b = p + 16. Let t be h(p). What is the greatest common divisor of t and 16?
16
Suppose -g - 30*z + 362 = -29*z, 5*g - 2*z = 1768. Calculate the greatest common factor of 28 and g.
4
Let p be 662526/702 + 70/(-91). What is the greatest common factor of p and 575?
23
Suppose 121*f = 50017 - 4763. Calculate the greatest common factor of 51 and f.
17
Let b = -9576 - -14893. Calculate the highest common divisor of 39 and b.
13
Suppose -20842 + 3562 = -160*b. What is the highest common factor of b and 405?
27
Let r = -95 + 237. Suppose 4*u + 2*p = 120, 4*u - r = 2*p - 6. Let a = -39 + 47. Calculate the greatest common divisor of a and u.
8
Let j(c) = c**2 - 2*c + 3. Let q be j(3). Let o(a) = -16*a + 111. Let t be o(0). Suppose -t*z + 121*z = 540. What is the highest common factor of z and q?
6
Let w = 3350 + -3184. Calculate the highest common divisor of w and 2407.
83
Suppose 237833 = 262*y - 190*y - 101359. What is the highest common factor of 7 and y?
7
Let p be 3406/18 + 6/(-27). Suppose -q + 14*r - 10*r = -55, -3*r = -5*q + 309. What is the highest common factor of p and q?
63
Let c(m) = -m**2 + 26*m + 5. Let g be c(23). Let j = g - 68. Suppose 176 = j*x + 2*x. What is the greatest common factor of 2 and x?
2
Suppose 19 - 52 = -5*c + 112. Calculate the greatest common divisor of c and 2291.
29
Let h be ((-189)/84)/((-2)/56). Suppose 6*w - 9*w = -h. Calculate the highest common factor of w and 91.
7
Let j(y) = -48*y**3 - 335*y**2 - 5*y + 20. Let b be j(-7). Calculate the greatest common divisor of 504 and b.
8
Let y(t) = -31*t + 10. Let j be y(-2). Let g be 8/(-14) - (-64)/14. Suppose -25 = g*a - 121. What is the highest common factor of j and a?
24
Let x = 1211 + -705. Suppose -861*f - 154 = -868*f. Calculate the highest common factor of f and x.
22
Let g = -13323 - -13505. Calculate the highest common factor of g and 13559.
91
Let l be -5*(-2 - -3) + 309. Suppose 32*p - l = 16*p. Let m(r) = 3*r**2 - r - 4. Let y be m(-5). What is the highest common divisor of y and p?
19
Let s(v) = 519*v + 3513. Let a be s(-6). What is the highest common factor of a and 684?
57
Let z = 62 + -23. Suppose -93*h + 121*h - 158*h + 86190 = 0. Calculate the greatest common factor of h and z.
39
Let o be 57*(340/51 + -5). Calculate the greatest common divisor of o and 1197.
19
Let u(w) = w**3 + 10*w**2 + 226*w + 2043. Let n be u(-9). What is the greatest common factor of 2205 and n?
45
Let r be (-4 - -2)*(-70)/4. Let p be 70/21*37/((-2738)/(-555)). Calculate the greatest common divisor of r and p.
5
Let q be 2268/9 + 17 + -19. Calculate the highest common factor of 80 and q.
10
Let g(q) = 143*q + 2020. Let x be g(-13). Calculate the greatest common divisor of x and 621.
23
Let x = 3360 - -1986. Calculate the highest common divisor of x and 22.
22
Suppose g + 5*j = -0*g + 40, 2*g - 4*j = 80. Let x be ((-58)/(-8) + 1)/(5/g). Calculate the highest common factor of x and 363.
33
Suppose 2*g = -0*g - 48. Let q = 39 + g. Let p = 18633 - 18528. What is the highest common factor of q and p?
15
Let i be 2/7 + (-1044)/(-21). Suppose 56*w - 2903 + 103 = 0. What is the highest common factor of i and w?
50
Let y = 562 - 198. Suppose 202 = -3*x + y. Calculate the highest common factor of 72 and x.
18
Let r be 3*(2 - (-30)/10). Let o(h) = 2*h - 16. Suppose 2*i + 10 = f - 11, -4*f + 4*i + 68 = 0. Let a be o(f). What is the highest common factor of a and r?
5
Let v be 21/3 + 0 + -4 + 5. Suppose 0 = -17*t + v*t + 54. What is the greatest common divisor of t and 22?
2
Let n be ((5 + -6)*1)/(44/(-968)). Suppose 6*b - b - 5 = 0. Let j be ((-22)/(-3))/(b/24). Calculate the highest common factor of n and j.
22
Let j(i) = -19*i + 4. Let z be j(-14). Suppose -z = -6*y + 7*y. Let k be y/(-12) - 6/(-4). Calculate the greatest common divisor of 3 and k.
3
Suppose -31*q + 28*q + 25856 = 98*q. Calculate the greatest common divisor of 2592 and q.
32
Suppose -4*c + 0*c = 5*c. Suppose 2*o + c - 112 = 0. What is the highest common divisor of o and 14?
14
Let t = -25432 + 25560. What is the highest common factor of t and 4016?
16
Let m(f) = 12*f**2 + 2*f + 2. Let z be m(5). Suppose -1590 - 5846 = -143*q. What is the highest common divisor of q and z?
52
Suppose 41787 = 128*h - 25413. Calculate the greatest common divisor of 2247 and h.
21
Let g = -163 - -180. What is the highest common factor of g and 2159?
17
Let g(x) = x**3 + x**2 - 3*x - 1. Let w be g(-2). Suppose -5*u - w = 14. Let i be u/(((-35)/(-20))/(-7)). Calculate the greatest common factor of i and 18.
6
Let g(j) = 12*j**2 + 11*j + 25. Let n be g(-2). Calculate the highest common factor of n and 8721.
51
Let w be 12/9*3*195/(-6). Let h = w - -133. Let k(x) = x**2 + 8*x - 8. Let c be k(-9). What is the greatest common factor of c and h?
1
Let p be (-24)/108 - 13*(-340)/45. What is the highest common divisor of 2303 and p?
49
Let g(j) = 2*j**2 - 248*j - 5. Let i be g(-39). Calculate the highest common factor of i and 179.
179
Let h = -14333 - -45180. Calculate the greatest common divisor of h and 218.
109
Let u be 2/3 + (-28)/(-3). Let t(m) = 2*m**3 + 29*m**2 + 54*m - 37. Let x be t(-12). What is the highest common divisor of u and x?
5
Suppose -2*y + 410 = 20*c - 15*c, -2*y = c - 90. What is the greatest common factor of c and 920?
40
Suppose 4*r - 4*f = 40, 3*r - 14 = -160*f + 155*f. Calculate the highest common factor of r and 598.
2
Suppose 0 = -2*g, -1480 = -5*x - 7*g + 5*g. What is the highest common factor of 3626 and x?
74
Let t = -18 - -69. Let c = -914 - -977. Let j = c - t. Calculate the greatest common divisor of j and 12.
12
Let l = 1883 + -1837. What is the highest common factor of l and 1127?
23
Let g be (-4)/(-7)*(-7)/((-2)/2). Suppose g*d - 1099 = 5*j + 696, 3*d + 5*j - 1390 = 0. Calculate the highest common factor of d and 182.
91
Let h(i) = -440*i - 148. Let u be h(-2). Calculate the highest common divisor of u and 2379.
183
Suppose l - 10332 = -5*l. Calculate the highest common factor of l and 56.
14
Let g be -112 + 1/((-13)/3 + 4). Let l = g + 175. Let w = 29 + -5. What is the greatest common factor of w and l?
12
Let d(u) = u**3 + 4*u**2 - 19*u + 5. Let i be d(-4). What is the greatest common factor of 37827 and i?
81
Let w be 23 + 2/(2/(-3)). Let c = w - 25. Let f be (-24)/(-30) - 196/c. Calculate the highest common factor of f and 20.
20
Let r be (-11 - 104)/(2/((-692)/5)). What is the greatest common factor of 519 and r?
173
Let t(d) = -d**3 + d + 46. Let f be t(0). Suppose 18*h - 50 = 8*h. Let q be (-5*(h - 4))/(3/(-69)). Calculate the greatest common factor of q and f.
23
Suppose 4*l = -0*h - 2*h + 164, -3*h + 246 = -5*l. Suppose -6*g + 14 = -h. Let k be 3/(g/12*9/112). What is the highest common divisor of 252 and k?
28
Suppose 5*r + 9 + 26 = 0, 2*c - r - 699 = 0. What is the greatest common divisor of c and 8131?
173
Let s(v) = v**3 - 28*v**2 - 31*v + 48. Let n be s(29). Let d be 1115/n*-4 + -5. Calculate the greatest common divisor of d and 9.
9
Let p = 297 + -307. Let b be (-559)/p - 52/(-520). 